 t and u?
16
Let o(b) = -b**2 - 11*b - 27. Let p be o(-6). Let a(x) = 2*x**3 - 4*x**2 - 4*x + 11. Let f be a(p). What is the greatest common factor of f and 85?
17
Let c be 1*(-15)/(5/1). Let m = c - 60. Let a = 66 + m. What is the highest common divisor of 1 and a?
1
Let r = -197 + 145. Let d = r + 94. Calculate the greatest common divisor of d and 147.
21
Suppose -35*s + 91*s - 80370 = -10482. Calculate the highest common divisor of s and 39.
39
Suppose 2*j - 9 = -3*u + 199, u + j = 67. Calculate the greatest common factor of u and 9361.
37
Suppose -4*c = 2*v - 90, -3*v = 3*c - 157 + 10. Calculate the highest common divisor of v and 28779.
53
Let s = 1725 - 1723. What is the greatest common divisor of 8 and s?
2
Let w be 88122/24 - (-7)/28. Calculate the highest common factor of 136 and w.
136
Let s be 4 - 696 - (-9 - -3). Let r = -638 - s. What is the highest common factor of 864 and r?
48
Let c(g) = -g**3 - 19*g**2 + 20*g + 4. Let n be c(-20). Suppose -n*u - 11 + 71 = 0. What is the greatest common factor of u and 10?
5
Let t(n) = 2*n**2 - 11*n + 9. Let g be t(11). Let z = 140 - g. Let o(f) = -2*f - 1. Let m be o(-3). Calculate the highest common factor of z and m.
5
Let k = -15 - -2. Let m = k - -23. Suppose o - 20 = -o. What is the greatest common factor of o and m?
10
Suppose -2*z + 70 = 3*z. Let n = -9 + z. Suppose -94 - 191 = -19*o. What is the greatest common divisor of n and o?
5
Let s = 21 - -278. Suppose 2*l = 4*c + 62, 0 = 17*l - 13*l + 2*c - 84. What is the greatest common divisor of l and s?
23
Suppose -1763 = -12*l + 649. Suppose 0 = 5*r - 679 - l. What is the highest common divisor of r and 22?
22
Suppose 18*o = 13*o + h + 3902, 4*h - 1552 = -2*o. Suppose -o = -35*d + 480. Calculate the highest common divisor of 468 and d.
36
Let z(d) = 2*d**2 + 98*d - 850. Let s be z(8). Calculate the highest common factor of s and 217.
31
Let l = -725 + 743. Suppose 4*i + l*i - 5632 = 0. What is the greatest common factor of i and 48?
16
Let l = 434 - 282. Let t = l - 149. What is the highest common divisor of t and 57?
3
Let z = -184 - -18. Let m = 180 + z. Let n be -2 + (19 + -3)/4. Calculate the highest common factor of n and m.
2
Let z(p) = -7*p - 75. Let y be z(-11). Suppose -2*h + 6 = y. Calculate the greatest common divisor of h and 16.
2
Let x = -427 - -449. Let v = 25 + -14. What is the greatest common divisor of v and x?
11
Suppose 4*r - 503 = -5*a, 10*r = 7*a + 12*r - 715. What is the highest common divisor of a and 5253?
103
Let r(n) = 9*n + 285. Let a be r(43). Suppose 166 = 3*s + x + 37, 4*s = -x + 171. What is the greatest common factor of a and s?
42
Suppose -96 = z - 5*z. Suppose -2*d = -o - 2*o - z, -2*d - 3*o + 36 = 0. Let h = 138 - 93. Calculate the highest common divisor of d and h.
15
Let u(n) = 39*n - 2. Suppose -4*o - 32 = 4*o. Let s be ((-2)/o)/(4/64). Let t be u(s). Calculate the highest common divisor of 31 and t.
31
Let o = 5915 + -5239. Let i(h) = -20*h**2 - 2*h - 1. Let b be i(-4). Let w = o + b. What is the highest common divisor of 33 and w?
33
Suppose 5*z + 29 = n + z, 4*z + 12 = 0. Suppose 0 = 4*k + f - 19, -3*f = 2*k - 0*f - n. Let i = -1 + k. What is the highest common divisor of i and 12?
3
Let t be 33587 - 35/(-8 - -1). Suppose 19*m + 19*m = t. What is the highest common factor of m and 68?
68
Let v(p) = p**3 + 6*p**2 + 9*p + 30. Let n be v(-5). What is the highest common divisor of n and 206?
2
Let p be -1 + 2/1 + 35. Let g(d) = d**3 + 12*d**2 + 11*d + 48. Suppose -10*r - 70 - 40 = 0. Let x be g(r). What is the greatest common factor of x and p?
12
Suppose 3*i + 2*i = i. Suppose 13*y - 14*y + 28 = i. What is the highest common factor of y and 70?
14
Let y be 3 + 0 + 1 + (1 - 4). Let c be (y - 395)*6/18*-3. Suppose -m - 202 = -2*s + m, -c = -4*s + 2*m. Calculate the greatest common divisor of 12 and s.
12
Let o = 96 + -242. Let c = 170 + o. Let k(q) = -q**2 + 6*q + 8. Let y be k(6). What is the highest common factor of c and y?
8
Let s(b) = 5*b**2 - 391*b - 143. Let d be s(96). What is the highest common factor of d and 155?
31
Let r(n) = n**2 - 8*n + 16. Let i be -5*(-6)/5 + 0. Let c be r(i). Let q be -15*1*2/(-3). What is the greatest common factor of c and q?
2
Let x(i) = i**2 + 2*i - 4. Let k be x(4). Let g(b) = b**3 - 13*b**2 + 9*b + 5. Let y be g(7). Let t = -221 - y. Calculate the highest common divisor of t and k.
5
Suppose 2*w - 7 = 10*z - 13*z, -33 = -5*z + 2*w. Let d be -1 - -711 - z*(-9 + 8). What is the highest common factor of 65 and d?
65
Let a(z) = 26*z + 137. Let h be a(-5). Suppose 2*q - 99 = -h*q. Calculate the greatest common divisor of q and 154.
11
Suppose -7*p + 3*p = 2*g - 156, 0 = -4*g + 5*p + 299. Suppose g*r = 72*r + 476. Calculate the highest common divisor of r and 14.
7
Let i(q) be the first derivative of -q**4/4 - 5*q**3/3 - 7*q**2 + q - 114. Let a be i(-6). Calculate the highest common factor of 22 and a.
11
Let m be (-52)/6*1530/(-68). Let t = 265 - m. Calculate the greatest common factor of 20 and t.
10
Suppose 4*k - a - 270 = 0, -2*k + 5*a + 330 = 3*k. Let g be 162 - ((10 - 14) + -4). Calculate the greatest common factor of k and g.
34
Suppose 112 = 8*m - 6*m. Suppose -3*v = 41 - m. Suppose -5 = -10*d + v*d. What is the highest common divisor of d and 3?
1
Let h = -331 - -507. Suppose 2*z - 5*y - 47 = z, 2*z = -3*y + 55. Suppose -k + z = k. What is the highest common factor of h and k?
16
Suppose 2*y + 2*x - 4792 = 1446, 3*x = 5*y - 15579. Calculate the highest common divisor of y and 3.
3
Suppose 6*v + 6*v - 24 = 0. Suppose 5*f = 5*u + 616 - 1, v*u - 234 = -2*f. What is the highest common factor of 40 and f?
40
Let z(f) = -34*f - 3. Let b be z(-1). Suppose b = c - 11. Suppose -630 = -51*m + 36*m. Calculate the greatest common divisor of m and c.
42
Let d = -4522 + 8410. Let o be (-1)/5 - d/(-90). Suppose -o = -4*q + 3*p, -9*q + 35 = -7*q + 3*p. Calculate the highest common factor of 247 and q.
13
Let z be ((-84)/(-9)*1)/(6/9). Let n be (-15)/(-12) + 632/32. What is the highest common divisor of z and n?
7
Let o(j) = j**3 + 8*j**2 + 10*j + 18. Let r be o(-8). Let s = r - -35. Let v = s - -39. What is the highest common factor of 96 and v?
12
Let f = -17836 + 17960. Calculate the greatest common divisor of 3193 and f.
31
Let n = -2311 - -2464. What is the greatest common factor of 17 and n?
17
Suppose i + i - 888 = 0. Suppose -2*d - 2*d = -i. Suppose 5*l + g + 2*g = d, 0 = -3*l - g + 65. Calculate the greatest common factor of l and 168.
21
Let y(a) = 78*a**2 + 8*a - 2. Let u be y(-5). What is the highest common factor of 424 and u?
212
Let t be (2 + -3)*48*(14 + (-744)/36). Calculate the highest common divisor of 130 and t.
10
Let b be (12/(-8))/((-3)/72*2). What is the highest common factor of b and 14328?
18
Suppose 0 = 2*t - 12 + 2. Suppose -t*r - 32 = -9*r. Suppose -63 = -3*p + 2*h - 3, 0 = 2*h. What is the highest common factor of r and p?
4
Let h = 132 + -128. Let w be (-3)/2*(-27 - 20/h). What is the greatest common factor of 432 and w?
48
Let d be (0/(-39))/(2/(-1)). Suppose -2*u - 3*f = -d*u - 96, 142 = 3*u + 5*f. What is the highest common divisor of 9 and u?
9
Suppose 5*i - 2*l - 32036 = 0, 3305*i - 6410 = 3304*i - l. Calculate the greatest common divisor of 180 and i.
36
Let l = -50 + 140. Suppose 0 = 5*x + j - 267, -5*x + 144 = 5*j - 111. What is the greatest common divisor of l and x?
18
Let c be (-73565)/(-21) + ((-8088)/252 - -32). What is the greatest common divisor of c and 339?
113
Let v = -22600 - -22632. What is the highest common divisor of 11312 and v?
16
Let m be (0 - -21) + -189 + 182 + -4. Let k be (-23)/(-7) + 2/(-7). Let h be 329/k + 3/9. What is the highest common factor of h and m?
10
Suppose -20 = -12*b + 40. Suppose 46 = q + 4*n, -q + 3*q = b*n + 92. Suppose -5*w - q = -u - 0*u, 4*u - 79 = -w. What is the greatest common factor of u and 7?
7
Suppose -4*b + 139 = -4*c + 5*c, b = c + 41. Let r = 117 - b. What is the greatest common divisor of r and 3?
3
Let a = 364 - 67. Suppose 0 = 5648*m - 5678*m + 1290 + 690. Calculate the greatest common divisor of a and m.
33
Let j = -30578 - -30863. What is the greatest common divisor of j and 8493?
57
Suppose 365*x - 362*x - 1765 = -4*b, -4*x + 3*b + 2370 = 0. Calculate the highest common divis